 greatest common factor of 53 and b.
1
Let t(g) = -2*g**3 - 52*g**2 - 62*g - 60. Let q be t(-25). Let d be (-2464)/(-66)*(-6)/(-28)*12. What is the highest common factor of q and d?
48
Suppose 2*c - 288 = -2*c. Let t be 12/(36/3)*-45. Let v = c + t. Calculate the greatest common divisor of 3 and v.
3
Let w be (30/(-20))/(23/(-2622)). Calculate the greatest common factor of w and 12.
3
Let y(a) = a**2 + 12*a - 57. Let w be y(-16). Suppose 3*p = 2*j - w, 3*j - 6 - 5 = 4*p. What is the greatest common factor of p and 37?
1
Let c be 1 + 171/2 - 41/(-82). Calculate the highest common factor of 377 and c.
29
Suppose 3*n + 5*a + 40 = 0, -n = -2*a + 11 + 17. Let l be 15/n - (-31)/8*2. Let h = 81 - 46. Calculate the highest common factor of h and l.
7
Let q(y) = 4*y**3 - 260*y**2 + y - 36. Let i be q(65). Calculate the greatest common factor of 3712 and i.
29
Let u be -14 - 16*(-28)/7. Calculate the greatest common divisor of 680 and u.
10
Suppose 0 = -5*j + 4*f + 788, 5*f = j - 199 + 54. Calculate the greatest common factor of j and 200.
40
Let f(l) = -6*l**3 + 288*l**2 - 10*l + 609. Let g be f(48). Calculate the highest common divisor of 63 and g.
3
Let j(m) = 219*m + 6198. Let r be j(-28). Calculate the highest common divisor of 30 and r.
6
Let h(v) = -10*v**2 - 151*v + 246. Let q be h(0). Calculate the greatest common divisor of q and 138.
6
Suppose 529 = z + i, -2*z + 4782 = 7*z + 2*i. What is the highest common divisor of z and 95?
19
Let p be -30*(9282/(-85) + -6). What is the greatest common divisor of p and 256?
128
Suppose -342*q + 340*q = 4*t - 48, 2*t + 66 = 2*q. Calculate the greatest common factor of q and 6330.
30
Let c be -14*36/63 + 50283. What is the greatest common divisor of c and 25?
25
Let z(v) = -3*v + 15. Let l be z(4). Suppose -2*w + 5*x = -3*w + 21, 0 = w + l*x - 23. Calculate the highest common factor of 104 and w.
26
Let b(a) = 64*a**2 - 201*a - 74. Let s be b(14). What is the highest common factor of 136 and s?
136
Suppose 13*o + 134*o - 290575 = -50*o. What is the highest common divisor of o and 175?
25
Let v(m) = 2*m + 1. Let u be v(1). Suppose 5*z - u*z = 8. Let q be 376/32 - 5/(-20). What is the highest common divisor of z and q?
4
Suppose 3*v - 397 = -4*s, 50*v + 304 = 3*s + 46*v. What is the greatest common factor of 295 and s?
5
Suppose h - 2*l = 0, -7*l = 3*h - 3*l. Let j = h + 12. What is the highest common divisor of j and 18?
6
Suppose -18*g - 3*k - 3754 = -19*g, k + 18784 = 5*g. Calculate the greatest common factor of 221 and g.
221
Suppose 650*v - 544*v - 179140 = 0. What is the highest common divisor of 10 and v?
10
Let f be 7/(-5) - -3234*(-40)/(-150). What is the highest common factor of 123 and f?
123
Let o = -1548 - -1552. What is the greatest common factor of 700 and o?
4
Let s(i) = -i**2 + 7*i - 4. Let o be s(5). Let n be -30*(-3)/2*2/o. Let f be 1673/14 - ((-4)/(-8) + -1). What is the greatest common factor of n and f?
15
Let o(l) = -l**2 + 15*l - 1. Let k be o(12). Suppose -k = -4*d + 97. What is the highest common factor of d and 231?
33
Let n(l) = l**3 + 62*l**2 + 942*l - 90. Let a be n(-35). Suppose 0 = 5*j - 4*w - 79, 0 = -4*w - 8 + 4. What is the highest common divisor of a and j?
15
Let k = 472 + -449. Suppose -2*r = -k*r + 5670. Calculate the greatest common factor of 30 and r.
30
Let j(y) = 8*y**2 + y + 28. Let p be (25/(-3) - -5)*(-18)/(-10). Let o be j(p). What is the highest common divisor of 20 and o?
10
Let d be 233228/879 + 2/(1*-6). Calculate the greatest common factor of d and 160.
5
Suppose 1359 = 5*o - 3*j, -2*o + j + 235 + 310 = 0. Calculate the highest common factor of o and 1725.
69
Let r(t) = t + 95. Let v be r(0). Let w = -54 + 73. What is the highest common factor of w and v?
19
Let x = 50 - 108. Let g = x + 62. Suppose -g = 2*o - 8. What is the greatest common divisor of o and 16?
2
Let o = 30 - 32. Let v be o/(-6) + 1 + (-56)/(-3). Suppose -5*p + 30 + v = 0. What is the highest common factor of p and 10?
10
Suppose -19*i + 22*i = 6. Suppose -i*k + 88 + 48 = -2*v, 0 = 3*k - v - 196. What is the greatest common factor of k and 96?
32
Let z(w) = -41*w + 156. Let o(x) = 45*x - 156. Let u(s) = 3*o(s) + 4*z(s). Let d be u(-40). What is the highest common divisor of 28 and d?
28
Let d = -11 + 19. Let m be d/9 - 4/(-36). Suppose -4*r + 45 = m. Calculate the greatest common divisor of 11 and r.
11
Let l(o) = o**3 - 3*o**2 - 10*o + 4. Let r be l(7). What is the greatest common factor of 1495 and r?
65
Suppose 4*c - 931 = -v, 3*v + 49 - 522 = -2*c. Suppose 4*n + 0*n - 4*k + c = 0, -2*k + 61 = -n. Let o = n + 68. What is the greatest common divisor of o and 13?
13
Suppose -56*b = -46*b - 60160. Calculate the greatest common divisor of b and 128.
128
Suppose 5*h + 25*h + 173 = 863. What is the greatest common divisor of h and 6647?
23
Suppose -l + 50 = 2*p - 22, 2*l = 0. Suppose 3*x + 2 = 4*x. Suppose -9 = -2*d + j + x*j, -4*j + 21 = d. Calculate the greatest common factor of p and d.
9
Let v(u) = 2*u**2 + 8*u + 14. Let l be (15/6)/((5 + -11)/12). Let q be v(l). Calculate the highest common divisor of 60 and q.
12
Let s(m) = -m**2 - 9*m - 14. Suppose 0 = -3*n - 12 - 6. Let l be s(n). Suppose -42 = -l*v + v. Calculate the greatest common factor of v and 154.
14
Let p(y) = -130*y - 5 + 18 - 159*y + 79*y. Let b be p(-7). Suppose 267 - b = -19*m. What is the highest common factor of m and 80?
16
Suppose -a - n + 2132 = 19, 8445 = 4*a - 3*n. What is the highest common divisor of 24 and a?
24
Let q be ((-3)/2)/(9/(-8) + 1). Let h be (-45)/20 + 15/q + -1. Let y be (-76)/8*h - -2. What is the greatest common factor of 147 and y?
21
Let k = 13479 - 13381. What is the greatest common divisor of 553 and k?
7
Suppose 63*s - 12738 = -4*q + 58*s, -4*q = 2*s - 12732. What is the highest common divisor of 43 and q?
43
Suppose -2*i - 3*t + 155 = 6, i = 4*t + 36. What is the greatest common divisor of i and 1088?
64
Let s = -5 - -7. Suppose -s*p + 224 = 2*l, 2*p + 2*p - 488 = 4*l. Let k be 2/4*((-15)/9)/((-35)/546). Calculate the highest common divisor of k and p.
13
Let i(w) = -w**3 + 5*w**2 + 7*w. Let c be i(6). Let t = 48 - c. Let k = -75474 - -75579. What is the highest common factor of k and t?
21
Suppose 2257*f - 2261*f - 1127 = -q, 3*q - 3304 = f. What is the highest common factor of q and 35?
7
Let u = 52 + -35. Let z = 82 + u. What is the greatest common factor of 22 and z?
11
Suppose 12*q + 11880 = 30*q. Let r be (14/105*-3)/((-2)/q). What is the greatest common factor of r and 12?
12
Let a be 39/104*-4 - (-26)/4. What is the highest common factor of a and 18?
1
Suppose 0 = -k - 2*k + 3*s - 219, 2*s = -k - 73. Let b = k - -69. Let f be (2 + -50)/(b/6). What is the highest common factor of f and 9?
9
Let i be 67/(-2546) + 12774/228. Let w(n) = -n**2 + n + 8. Let k be w(0). Calculate the greatest common divisor of i and k.
8
Suppose 2*a = 8, 4*r = 4*a - 27 - 49. Let l = -20 - r. Let x(i) = -16*i - 8. Let t be x(l). Calculate the highest common factor of 6 and t.
6
Suppose 675 = -c + 2*c. Suppose 5*g - 839 = z, -g + 3*z - c = -5*g. Suppose -44*h - 84 = -48*h. Calculate the highest common factor of h and g.
21
Let n(g) = -11*g + 63. Let a(q) = -2*q - 8. Let m be a(4). Let v be n(m). Suppose -v - 486 = -5*t. What is the highest common factor of 29 and t?
29
Let f be 6/(-144)*8 + 2516/6. Let s = 491 - f. What is the highest common divisor of 396 and s?
36
Let f(r) = 4*r + 38. Let s be f(-10). Let m(q) = -80*q - 28. Let z be m(s). Let a = 26 + -14. Calculate the highest common factor of z and a.
12
Suppose 0 = 4*d + 12*p - 8*p - 148, d - 45 = -3*p. Suppose -2*f = f + 2*k - 125, f + 5*k - d = 0. What is the greatest common factor of 301 and f?
43
Suppose 13*w - 12 = 9*w, -3*w + 12 = 3*y. Let t(b) = 86*b**2 + 7*b - 5. Let p be t(y). Calculate the highest common divisor of 121 and p.
11
Suppose 0 = -384*p + 382*p + 44. Suppose p*q = 1067 - 341. What is the highest common factor of 121 and q?
11
Suppose d = n - 14, 15*n + 4*d = 17*n - 36. Calculate the highest common divisor of 1390 and n.
10
Let z be 6/18 - (-5304)/72. Calculate the highest common divisor of 6142 and z.
74
Let z be 6*132/(14 - 8). Suppose 1400 = 137*g - z*g. Calculate the greatest common factor of 70 and g.
70
Suppose 583 = -54*j + 127